 225 and 525?
75
Calculate the greatest common factor of 18893 and 7.
7
Calculate the greatest common factor of 494 and 38.
38
Calculate the greatest common factor of 1127 and 392.
49
Calculate the highest common factor of 31 and 1.
1
What is the greatest common divisor of 1752 and 24?
24
What is the highest common divisor of 66 and 11814?
66
What is the highest common factor of 19 and 12008?
19
What is the highest common divisor of 72 and 12348?
36
Calculate the highest common divisor of 875 and 28.
7
Calculate the highest common divisor of 279 and 35619.
93
What is the greatest common divisor of 1426 and 93?
31
What is the highest common divisor of 1100 and 396?
44
Calculate the greatest common divisor of 116 and 406.
58
What is the highest common factor of 2891 and 49?
49
What is the greatest common factor of 104 and 117?
13
Calculate the highest common factor of 684 and 72.
36
What is the greatest common factor of 3935 and 15?
5
Calculate the greatest common divisor of 192 and 300.
12
What is the greatest common factor of 240 and 4360?
40
What is the highest common divisor of 44790 and 30?
30
What is the highest common divisor of 189 and 168?
21
What is the highest common divisor of 85 and 306?
17
What is the greatest common divisor of 13 and 4?
1
What is the greatest common divisor of 1159 and 244?
61
What is the highest common factor of 2599 and 161?
23
What is the greatest common factor of 8 and 64?
8
What is the highest common factor of 315 and 140?
35
What is the highest common divisor of 12 and 564?
12
What is the greatest common divisor of 3 and 27?
3
What is the greatest common factor of 285 and 1349?
19
What is the greatest common factor of 6 and 3414?
6
Calculate the highest common factor of 76 and 266.
38
What is the highest common divisor of 67 and 101?
1
What is the greatest common factor of 22912 and 384?
128
What is the highest common divisor of 231 and 165?
33
What is the highest common divisor of 25 and 625?
25
Calculate the highest common factor of 781 and 44.
11
Calculate the highest common divisor of 108 and 5784.
12
What is the highest common divisor of 198 and 2442?
66
Calculate the highest common divisor of 21 and 18417.
21
What is the highest common divisor of 5673 and 915?
183
Calculate the greatest common divisor of 171 and 19.
19
Calculate the highest common divisor of 455 and 35.
35
What is the greatest common factor of 294 and 1848?
42
Calculate the greatest common factor of 26 and 2353.
13
What is the highest common divisor of 1247 and 172?
43
What is the greatest common divisor of 12 and 76?
4
Calculate the greatest common divisor of 132 and 88.
44
What is the greatest common divisor of 1313 and 505?
101
What is the highest common divisor of 24 and 15?
3
Calculate the highest common factor of 891 and 66.
33
What is the greatest common divisor of 13 and 819?
13
Calculate the greatest common factor of 560 and 168.
56
Calculate the greatest common divisor of 549 and 36.
9
Calculate the greatest common divisor of 1908 and 36.
36
Calculate the highest common factor of 275 and 225.
25
Calculate the highest common divisor of 299 and 39.
13
What is the highest common factor of 144 and 774?
18
What is the greatest common divisor of 161 and 92?
23
What is the highest common factor of 644 and 529?
23
What is the greatest common factor of 24 and 2856?
24
What is the greatest common factor of 100 and 1300?
100
What is the greatest common factor of 66124 and 244?
244
What is the highest common divisor of 144 and 15876?
36
What is the greatest common divisor of 114 and 3021?
57
What is the highest common divisor of 346 and 2?
2
What is the highest common divisor of 280 and 770?
70
Calculate the greatest common factor of 12 and 32.
4
What is the highest common factor of 369 and 328?
41
What is the highest common factor of 472 and 6?
2
What is the highest common divisor of 4116 and 756?
84
What is the highest common factor of 768 and 6?
6
What is the highest common factor of 115 and 1165?
5
Calculate the greatest common factor of 43 and 12470.
43
What is the greatest common divisor of 14 and 658?
14
What is the highest common factor of 250 and 125?
125
Calculate the highest common factor of 107 and 1.
1
What is the greatest common divisor of 6 and 123?
3
Calculate the greatest common factor of 176 and 1804.
44
Calculate the highest common divisor of 29 and 71746.
29
Calculate the greatest common factor of 726 and 121.
121
What is the highest common divisor of 104 and 24?
8
What is the greatest common divisor of 236 and 16?
4
Calculate the greatest common factor of 456 and 16.
8
What is the greatest common divisor of 144 and 252?
36
What is the greatest common factor of 3164 and 14?
14
Calculate the greatest common divisor of 47216 and 208.
208
Calculate the greatest common divisor of 745 and 14453.
149
Calculate the highest common divisor of 474 and 12956.
158
What is the greatest common divisor of 28 and 5572?
28
What is the greatest common divisor of 5 and 4135?
5
Calculate the highest common divisor of 182 and 2821.
91
What is the highest common factor of 171 and 38?
19
Calculate the highest common divisor of 20 and 34.
2
What is the greatest common divisor of 68 and 51?
17
What is the highest common factor of 306 and 12?
6
Calculate the highest common divisor of 240 and 75.
15
What is the highest common factor of 200 and 40?
40
What is the greatest common factor of 1400 and 56?
56
What is the greatest common factor of 70 and 5?
5
Calculate the greatest common divisor of 90 and 6228.
18
Calculate the highest common factor of 533 and 13.
13
Calculate the greatest common divisor of 28 and 448.
28
What is the highest common divisor of 6161 and 101?
101
What is the highest common divisor of 1343 and 17?
17
Calculate the highest common factor of 846 and 18.
18
Calculate the highest common factor of 217 and 248.
31
Calculate the highest common divisor of 66 and 110.
22
Calculate the highest common factor of 80 and 10.
10
What is the greatest common divisor of 135 and 30?
15
What is the highest common divisor of 355 and 2059?
71
What is the greatest common divisor of 1221 and 481?
37
What is the highest common factor of 40 and 2904?
8
What is the highest common divisor of 76 and 76?
76
What is the greatest common factor of 25 and 24775?
25
Calculate the highest common factor of 369 and 18.
9
What is the greatest common divisor of 273 and 195?
39
What is the greatest common factor of 129 and 6837?
129
What is the greatest common factor of 45 and 35?
5
What is the highest common factor of 465 and 15?
15
What is the greatest common factor of 165 and 66?
33
What is the highest common factor of 119 and 153?
17
What is the greatest common divisor of 308 and 3157?
77
Calculate the highest common factor of 2418 and 234.
78
Calculate the greatest common factor of 732 and 12.
12
Calculate the highest common divisor of 1094 and 2.
2
What is the greatest common divisor of 4 and 17?
1
What is the highest common factor of 216 and 1674?
54
What is the highest common divisor of 32 and 688?
16
What is the highest common factor of 315 and 273?
21
Calculate the highest common divisor of 18 and 2688.
6
What is the greatest common factor of 20960 and 10?
10
What is the highest common factor of 44 and 24343?
11
What is the greatest common factor of 14 and 5026?
14
Calculate the highest common factor of 5015 and 221.
17
What is the highest common divisor of 322 and 1104?
46
What is the greatest common divisor of 84422 and 52?
26
Calculate the highest common divisor of 26 and 65.
13
Calculate the greatest common factor of 962 and 91.
13
What is the highest common factor of 108 and 324?
108
What is the greatest common factor of 345 and 45?
15
What is the greatest common divisor of 37601 and 19?
19
Calculate the greatest common factor of 105 and 336.
21
Calculate the greatest common divisor of 1376 and 1568.
32
What is the highest common factor of 128 and 11392?
128
What is the greatest common divisor of 3 and 219?
3
Calculate the greatest common divisor of 18310 and 10.
10
What is the highest common divisor of 586 and 31351?
293
Calculate the highest common factor of 16 and 448.
16
What is the highest common divisor of 28 and 14?
14
Calculate the gr